{"id":3047,"date":"2018-06-28T14:46:09","date_gmt":"2018-06-28T14:46:09","guid":{"rendered":"http:\/\/nigiri.elated-themes.com\/?page_id=3047"},"modified":"2020-07-20T16:58:05","modified_gmt":"2020-07-20T13:58:05","slug":"dual-image-showcase","status":"publish","type":"page","link":"https:\/\/bonsaisushi.ee\/rus\/elements\/dual-image-showcase\/","title":{"rendered":"\u0410\u043b\u043b\u0435\u0440\u0433\u0435\u043d\u044b"},"content":{"rendered":"<div class=\"eltdf-row-grid-section-wrapper\"  ><div class=\"eltdf-row-grid-section\"><div class=\"vc_row wpb_row vc_row-fluid vc_custom_1531301954983\" ><div class=\"wpb_column vc_column_container vc_col-sm-12\"><div class=\"vc_column-inner\"><div class=\"wpb_wrapper\"><div class=\"eltdf-dual-image-showcase-holder  eltdf-dual-image-showcase-right eltdf-text-align-right eltdf-parallax-items\" >\n            <div class=\"eltdf-dis-text-holder\">\n                            \t\t                <p class=\"eltdf-dis-text\" >Lugupeetud kliendid! Hoolitsedes Teie tervise eest, juhime Teie t\u00e4helepanu Bonsai Sushi toitudes leiduvatele allergeenidele. Juhul kui Teil on allergiat toiduainete erinevate komponentide suhtes, p\u00f6\u00f6rake t\u00e4helepanu allpool v\u00e4ljatoodud toitudele \u2013 kui olete m\u00f5ne komponendi suhtes allergiline, p\u00f6\u00f6rduge palun meie klienditeenindajate poole. Nemad saavad Teilt saadud info alusel Teid aidata \u2013 v\u00f5imalusel eemaldades Teile mittesobivad komponendid toidust v\u00f5i pakkudes Teie tervisele ohutut alternatiivset toitu meie men\u00fc\u00fcst.<\/p>\n                                 <\/div>\n        <div class=\"eltdf-dis-inner-holder\">\n\t        \t\t        <div class=\"eltdf-background-image-holder\" data-y-axis-translation=\"-35\">\n\t\t\t        <img loading=\"lazy\" decoding=\"async\" width=\"300\" height=\"499\" src=\"https:\/\/bonsaisushi.ee\/wp-content\/uploads\/2018\/07\/h1-image-2.jpg\" class=\"attachment-full size-full\" alt=\"a\" srcset=\"https:\/\/bonsaisushi.ee\/wp-content\/uploads\/2018\/07\/h1-image-2.jpg 300w, https:\/\/bonsaisushi.ee\/wp-content\/uploads\/2018\/07\/h1-image-2-180x300.jpg 180w\" sizes=\"(max-width: 300px) 100vw, 300px\" \/>\t\t        <\/div>\n\t        \t        \t\t        <div class=\"eltdf-foreground-image-holder\" data-y-axis-translation=\"35\">\n\t\t\t        <img loading=\"lazy\" decoding=\"async\" width=\"467\" height=\"388\" src=\"https:\/\/bonsaisushi.ee\/wp-content\/uploads\/2018\/07\/h1-image-1.png\" class=\"attachment-full size-full\" alt=\"a\" srcset=\"https:\/\/bonsaisushi.ee\/wp-content\/uploads\/2018\/07\/h1-image-1.png 467w, https:\/\/bonsaisushi.ee\/wp-content\/uploads\/2018\/07\/h1-image-1-300x249.png 300w\" sizes=\"(max-width: 467px) 100vw, 467px\" \/>\t\t        <\/div>\n\t                <\/div>\n    <\/div><\/div><\/div><\/div><div class=\"wpb_column vc_column_container vc_col-sm-12\"><div class=\"vc_column-inner\"><div class=\"wpb_wrapper\"><div class=\"eltdf-dual-image-showcase-holder  eltdf-dual-image-showcase-left eltdf-text-align-left eltdf-parallax-items\" >\n            <div class=\"eltdf-dis-inner-holder\">\n\t        \t\t        <div class=\"eltdf-background-image-holder\" data-y-axis-translation=\"35\">\n\t\t\t        <img loading=\"lazy\" decoding=\"async\" width=\"463\" height=\"568\" src=\"https:\/\/bonsaisushi.ee\/wp-content\/uploads\/2018\/07\/h1-image-8.jpg\" class=\"attachment-full size-full\" alt=\"a\" srcset=\"https:\/\/bonsaisushi.ee\/wp-content\/uploads\/2018\/07\/h1-image-8.jpg 463w, https:\/\/bonsaisushi.ee\/wp-content\/uploads\/2018\/07\/h1-image-8-245x300.jpg 245w\" sizes=\"(max-width: 463px) 100vw, 463px\" \/>\t\t        <\/div>\n\t        \t        \t\t        <div class=\"eltdf-foreground-image-holder\" data-y-axis-translation=\"-35\">\n\t\t\t        <img loading=\"lazy\" decoding=\"async\" width=\"435\" height=\"306\" src=\"https:\/\/bonsaisushi.ee\/wp-content\/uploads\/2018\/07\/h1-image-9.jpg\" class=\"attachment-full size-full\" alt=\"a\" srcset=\"https:\/\/bonsaisushi.ee\/wp-content\/uploads\/2018\/07\/h1-image-9.jpg 435w, https:\/\/bonsaisushi.ee\/wp-content\/uploads\/2018\/07\/h1-image-9-300x211.jpg 300w\" sizes=\"(max-width: 435px) 100vw, 435px\" \/>\t\t        <\/div>\n\t                <\/div>\n        <div class=\"eltdf-dis-text-holder\">\n                            <h6 class=\"eltdf-dis-subtitle\" >Ramen<\/h6>\n                                        <h1 class=\"eltdf-dis-title\" style=\"margin-bottom: 30px\">We are the best<\/h1>\n                                        <p class=\"eltdf-dis-text\" >K&Otilde;RGE ALLERGEENSUSEGA TOOTED&lt;br \/&gt;\n\u0420\u044b\u0431\u0430 (\u043e\u0441\u043e\u0431\u0435\u043d\u043d\u043e \u043e\u0431\u0440\u0430\u0449\u0430\u0442\u044c \u0432\u043d\u0438\u043c\u0430\u043d\u0438\u0435 \u043d\u0430 \u0441\u044b\u0440\u0443\u044e \u0440\u044b\u0431\u0443)&lt;br \/&gt;\n\u042f\u043f\u043e\u043d\u0441\u043a\u0438\u0439 \u043e\u043c\u043b\u0435\u0442 (\u0441\u043e\u0434\u0435\u0440\u0436\u0438\u0442 \u043a\u0443\u0440\u0438\u043d\u044b\u0435 \u044f\u0439\u0446\u0430)&lt;br \/&gt;\n\u041e\u0440\u0435\u0445\u0438 (\u0440\u0430\u0437\u043b\u0438\u0447\u043d\u044b\u0435 \u043e\u0440\u0435\u0445\u0438, \u0441\u043e\u0434\u0435\u0440\u0436\u0430\u0442\u044c\u0441\u044f \u0432 \u0441\u0430\u043b\u0430\u0442\u0430\u0445)&lt;br \/&gt;\n\u0421\u0435\u043c\u0435\u043d\u0430 \u043a\u0443\u043d\u0436\u0443\u0442\u0430&lt;br \/&gt;\n\u0421\u043e\u0435\u0432\u044b\u0439 \u0441\u043e\u0443\u0441&lt;\/p&gt;\n&lt;p&gt;KESKMISE ALLERGEENSUSEGA TOOTED&lt;br \/&gt;\n\u0420\u0438\u0441, \u043c\u043e\u0440\u043a\u043e\u0432\u044c, \u0442\u043e\u043c\u0430\u0442\u044b, \u043a\u0440\u0430\u0441\u043d\u044b\u0439 \u0431\u043e\u043b\u0433\u0430\u0440\u0441\u043a\u0438\u0439 \u043f\u0435\u0440\u0435\u0446, \u044f\u0431\u043b\u043e\u043a\u043e, \u043b\u0438\u043c\u043e\u043d, \u0442\u0438\u0433\u0440\u043e\u0432\u044b\u0435 \u043a\u0440\u0435\u0432\u0435\u0442\u043a\u0438<\/p>\n                                 <\/div>\n    <\/div><\/div><\/div><\/div><\/div><\/div><\/div>","protected":false},"excerpt":{"rendered":"Lugupeetud kliendid! Hoolitsedes Teie tervise eest, juhime Teie t\u00e4helepanu Bonsai Sushi toitudes leiduvatele allergeenidele. Juhul kui Teil on allergiat toiduainete erinevate komponentide suhtes, p\u00f6\u00f6rake t\u00e4helepanu allpool v\u00e4ljatoodud toitudele \u2013 kui olete m\u00f5ne komponendi suhtes allergiline, p\u00f6\u00f6rduge palun meie klienditeenindajate poole. [...]","protected":false},"author":1,"featured_media":0,"parent":162,"menu_order":0,"comment_status":"closed","ping_status":"closed","template":"full-width.php","meta":{"footnotes":""},"_links":{"self":[{"href":"https:\/\/bonsaisushi.ee\/rus\/wp-json\/wp\/v2\/pages\/3047"}],"collection":[{"href":"https:\/\/bonsaisushi.ee\/rus\/wp-json\/wp\/v2\/pages"}],"about":[{"href":"https:\/\/bonsaisushi.ee\/rus\/wp-json\/wp\/v2\/types\/page"}],"author":[{"embeddable":true,"href":"https:\/\/bonsaisushi.ee\/rus\/wp-json\/wp\/v2\/users\/1"}],"replies":[{"embeddable":true,"href":"https:\/\/bonsaisushi.ee\/rus\/wp-json\/wp\/v2\/comments?post=3047"}],"version-history":[{"count":3,"href":"https:\/\/bonsaisushi.ee\/rus\/wp-json\/wp\/v2\/pages\/3047\/revisions"}],"predecessor-version":[{"id":5595,"href":"https:\/\/bonsaisushi.ee\/rus\/wp-json\/wp\/v2\/pages\/3047\/revisions\/5595"}],"up":[{"embeddable":true,"href":"https:\/\/bonsaisushi.ee\/rus\/wp-json\/wp\/v2\/pages\/162"}],"wp:attachment":[{"href":"https:\/\/bonsaisushi.ee\/rus\/wp-json\/wp\/v2\/media?parent=3047"}],"curies":[{"name":"wp","href":"https:\/\/api.w.org\/{rel}","templated":true}]}}